{"id":7172,"date":"2024-05-07T16:57:14","date_gmt":"2024-05-07T14:57:14","guid":{"rendered":"https:\/\/lpkamrat.se\/wordpress\/?page_id=7172"},"modified":"2025-05-02T22:34:04","modified_gmt":"2025-05-02T20:34:04","slug":"gemenskap","status":"publish","type":"page","link":"https:\/\/lpkamrat.se\/wordpress\/gemenskap\/","title":{"rendered":"Gemenskap"},"content":{"rendered":"\t\t<div data-elementor-type=\"wp-page\" data-elementor-id=\"7172\" class=\"elementor elementor-7172\" data-elementor-post-type=\"page\">\n\t\t\t\t<div class=\"elementor-element elementor-element-12387de8 e-flex e-con-boxed e-con e-parent\" data-id=\"12387de8\" data-element_type=\"container\" data-e-type=\"container\" id=\"xs_cta_style_16\">\n\t\t\t\t\t<div class=\"e-con-inner\">\n\t\t<div class=\"elementor-element elementor-element-3e7c2b27 e-con-full elementor-hidden-mobile e-flex e-con e-child\" data-id=\"3e7c2b27\" data-element_type=\"container\" data-e-type=\"container\">\n\t\t\t\t<div class=\"elementor-element elementor-element-1f6111ce elementor-widget__width-initial elementor-widget-mobile__width-initial elementor-hidden-mobile elementor-widget elementor-widget-elementskit-heading\" data-id=\"1f6111ce\" data-element_type=\"widget\" data-e-type=\"widget\" data-widget_type=\"elementskit-heading.default\">\n\t\t\t\t<div class=\"elementor-widget-container\">\n\t\t\t\t\t<div class=\"ekit-wid-con\" ><div class=\"ekit-heading elementskit-section-title-wraper    ekit_heading_tablet-   ekit_heading_mobile-text_left\"><h2 class=\"ekit-heading--title elementskit-section-title \">Tillh\u00f6righet och gemenskap <\/h2>\t\t\t\t<div class='ekit-heading__description'>\n\t\t\t\t\t<p>\u00a0<\/p>\n<p><span style=\"color: #000000\"><span style=\"font-family: Calibri, sans-serif\"><span style=\"font-size: large\"><img fetchpriority=\"high\" decoding=\"async\" class=\"wp-image-10031 alignleft\" src=\"https:\/\/lpkamrat.se\/wordpress\/wp-content\/uploads\/2025\/04\/1743938520952-300x300.jpg\" alt=\"\" width=\"310\" height=\"310\" srcset=\"https:\/\/lpkamrat.se\/wordpress\/wp-content\/uploads\/2025\/04\/1743938520952-300x300.jpg 300w, https:\/\/lpkamrat.se\/wordpress\/wp-content\/uploads\/2025\/04\/1743938520952-150x150.jpg 150w, https:\/\/lpkamrat.se\/wordpress\/wp-content\/uploads\/2025\/04\/1743938520952-768x768.jpg 768w, https:\/\/lpkamrat.se\/wordpress\/wp-content\/uploads\/2025\/04\/1743938520952.jpg 1024w\" sizes=\"(max-width: 310px) 100vw, 310px\" \/>Att k\u00e4nna tillh\u00f6righet och gemenskap \u00e4r grundl\u00e4ggande behov hos m\u00e4nniskan. <\/span><\/span><\/span><span style=\"color: #1f1f1f\"><span style=\"font-family: Calibri, sans-serif\"><span style=\"font-size: large\">Att umg\u00e5s med familj, v\u00e4nner, bekanta och andra viktiga personer i ens n\u00e4rhet\u00a0<\/span><\/span><\/span><span style=\"color: #040c28\"><span style=\"font-family: Calibri, sans-serif\"><span style=\"font-size: large\">g\u00f6r att man m\u00e5r bra, trivs och utvecklas tillsammans med andra<\/span><\/span><\/span><span style=\"color: #1f1f1f\"><span style=\"font-family: Calibri, sans-serif\"><span style=\"font-size: large\">. Det \u00e4r bra att ha m\u00e4nniskor omkring sig i ett socialt n\u00e4tverk som kan ge trygghet, st\u00f6d och hj\u00e4lp. Inte minst n\u00e4r vi g\u00e5r igenom sv\u00e5ra tider i livet. <\/span><\/span><\/span><\/p>\n<p><span style=\"font-size: large\"><span style=\"font-family: Calibri, sans-serif\">Ofrivillig ensamhet sprider ut sig alltmer i samh\u00e4llet och leder inte s\u00e4llan till utsatthet och utanf\u00f6rskap. Att d\u00e5 f\u00e5 m\u00f6jlighet att dela gemenskap med andra i liknande situation \u00e4r f\u00f6r m\u00e5nga en v\u00e4g ut ur ensamhet och isolering. <\/span><\/span><\/p>\n<p><span style=\"font-size: large\"><span style=\"font-family: Calibri, sans-serif\">LP Kamrat har som m\u00e5ls\u00e4ttning att skapa sammanhang d\u00e4r personer i behov av st\u00f6d f\u00e5r m\u00f6jlighet att leva, v\u00e4xa och utvecklas med hj\u00e4lp av andra. <\/span><\/span><\/p>\n<p><span style=\"font-size: large\"><span style=\"font-family: Calibri, sans-serif\">Exempel p\u00e5 aktiviteter \u00e4r gemenskapstr\u00e4ffar, utflykter, grupper f\u00f6r olika intressen s\u00e5som musik, matlagning mm, kvinnogrupper, s\u00e4rskilda insatser under storhelger och sommarl\u00e4ger. Andra insatser \u00e4r hembes\u00f6k och telefonkontakter. <\/span><\/span><\/p>\n<p><span style=\"font-size: large\"><span style=\"font-family: Calibri, sans-serif\">Andra viktiga uppgifter f\u00f6r LP Kamrat \u00e4r att uppmuntra medlemmar att h\u00e5lla kontakt med varandra, vara aktiva p\u00e5 sociala medier, s\u00f6ka upp, uppmuntra och st\u00f6dja personer som g\u00e5r igenom sv\u00e5righeter av olika slag.<\/span><\/span><\/p>\n<h4><strong><a href=\"https:\/\/lpkamrat.se\/wordpress\/553-2\/\">Kontakta oss! &gt;&gt;<\/a><\/strong><\/h4>\n\t\t\t\t<\/div>\n\t\t\t<\/div><\/div>\t\t\t\t<\/div>\n\t\t\t\t<\/div>\n\t\t\t\t<\/div>\n\t\t\t\t\t<\/div>\n\t\t\t\t<\/div>\n\t\t<div class=\"elementor-element elementor-element-f0156af e-flex e-con-boxed e-con e-parent\" data-id=\"f0156af\" data-element_type=\"container\" data-e-type=\"container\">\n\t\t\t\t\t<div class=\"e-con-inner\">\n\t\t\t\t<div class=\"elementor-element elementor-element-c1dc89f elementor-hidden-desktop elementor-hidden-tablet elementor-widget elementor-widget-heading\" data-id=\"c1dc89f\" data-element_type=\"widget\" data-e-type=\"widget\" data-widget_type=\"heading.default\">\n\t\t\t\t<div class=\"elementor-widget-container\">\n\t\t\t\t\t<h2 class=\"elementor-heading-title elementor-size-default\">Gemenskap<\/h2>\t\t\t\t<\/div>\n\t\t\t\t<\/div>\n\t\t\t\t\t<\/div>\n\t\t\t\t<\/div>\n\t\t<div class=\"elementor-element elementor-element-08243fd e-flex e-con-boxed e-con e-parent\" data-id=\"08243fd\" data-element_type=\"container\" data-e-type=\"container\">\n\t\t\t\t\t<div class=\"e-con-inner\">\n\t\t\t\t\t<\/div>\n\t\t\t\t<\/div>\n\t\t<div class=\"elementor-element elementor-element-aee3f58 e-flex e-con-boxed e-con e-parent\" data-id=\"aee3f58\" data-element_type=\"container\" data-e-type=\"container\">\n\t\t\t\t\t<div class=\"e-con-inner\">\n\t\t<div class=\"elementor-element elementor-element-045ffca elementor-hidden-desktop elementor-hidden-tablet e-flex e-con-boxed e-con e-child\" data-id=\"045ffca\" data-element_type=\"container\" data-e-type=\"container\">\n\t\t\t\t\t<div class=\"e-con-inner\">\n\t\t\t\t<div class=\"elementor-element elementor-element-f28571a elementor-widget elementor-widget-image\" data-id=\"f28571a\" data-element_type=\"widget\" data-e-type=\"widget\" data-widget_type=\"image.default\">\n\t\t\t\t<div class=\"elementor-widget-container\">\n\t\t\t\t\t\t\t\t\t\t\t\t\t\t\t<img decoding=\"async\" width=\"1024\" height=\"1024\" src=\"https:\/\/lpkamrat.se\/wordpress\/wp-content\/uploads\/2025\/04\/1743938520952.jpg\" class=\"attachment-large size-large wp-image-10031\" alt=\"\" srcset=\"https:\/\/lpkamrat.se\/wordpress\/wp-content\/uploads\/2025\/04\/1743938520952.jpg 1024w, https:\/\/lpkamrat.se\/wordpress\/wp-content\/uploads\/2025\/04\/1743938520952-300x300.jpg 300w, https:\/\/lpkamrat.se\/wordpress\/wp-content\/uploads\/2025\/04\/1743938520952-150x150.jpg 150w, https:\/\/lpkamrat.se\/wordpress\/wp-content\/uploads\/2025\/04\/1743938520952-768x768.jpg 768w\" sizes=\"(max-width: 1024px) 100vw, 1024px\" \/>\t\t\t\t\t\t\t\t\t\t\t\t\t\t\t<\/div>\n\t\t\t\t<\/div>\n\t\t\t\t<div class=\"elementor-element elementor-element-ad500f8 elementor-widget elementor-widget-text-editor\" data-id=\"ad500f8\" data-element_type=\"widget\" data-e-type=\"widget\" data-widget_type=\"text-editor.default\">\n\t\t\t\t<div class=\"elementor-widget-container\">\n\t\t\t\t\t\t\t\t\t<p>Att k\u00e4nna tillh\u00f6righet och gemenskap \u00e4r grundl\u00e4ggande behov hos m\u00e4nniskan.\u00a0Att umg\u00e5s med familj, v\u00e4nner, bekanta och andra viktiga personer i ens n\u00e4rhet\u00a0g\u00f6r att man m\u00e5r bra, trivs och utvecklas tillsammans med andra. Det \u00e4r bra att ha m\u00e4nniskor omkring sig i ett socialt n\u00e4tverk som kan ge trygghet, st\u00f6d och hj\u00e4lp. Inte minst n\u00e4r vi g\u00e5r igenom sv\u00e5ra tider i livet.<\/p><p>Ofrivillig ensamhet sprider ut sig alltmer i samh\u00e4llet och leder inte s\u00e4llan till utsatthet och utanf\u00f6rskap. Att d\u00e5 f\u00e5 m\u00f6jlighet att dela gemenskap med andra i liknande situation \u00e4r f\u00f6r m\u00e5nga en v\u00e4g ut ur ensamhet och isolering.<\/p><p>LP Kamrat har som m\u00e5ls\u00e4ttning att skapa sammanhang d\u00e4r personer i behov av st\u00f6d f\u00e5r m\u00f6jlighet att leva, v\u00e4xa och utvecklas med hj\u00e4lp av andra.<\/p><p>Exempel p\u00e5 aktiviteter \u00e4r gemenskapstr\u00e4ffar, utflykter, grupper f\u00f6r olika intressen s\u00e5som musik, matlagning mm, kvinnogrupper, s\u00e4rskilda insatser under storhelger och sommarl\u00e4ger. Andra insatser \u00e4r hembes\u00f6k och telefonkontakter.<\/p><p>Andra viktiga uppgifter f\u00f6r LP Kamrat \u00e4r att uppmuntra medlemmar att h\u00e5lla kontakt med varandra, vara aktiva p\u00e5 sociala medier, s\u00f6ka upp, uppmuntra och st\u00f6dja personer som g\u00e5r igenom sv\u00e5righeter av olika slag.<\/p><h4>\u00a0<\/h4><h4><strong><a href=\"https:\/\/lpkamrat.se\/wordpress\/553-2\/\">Kontakta oss! &gt;&gt;<\/a><\/strong><\/h4>\t\t\t\t\t\t\t\t<\/div>\n\t\t\t\t<\/div>\n\t\t\t\t\t<\/div>\n\t\t\t\t<\/div>\n\t\t\t\t\t<\/div>\n\t\t\t\t<\/div>\n\t\t\t\t<\/div>\n\t\t","protected":false},"excerpt":{"rendered":"<p>Tillh\u00f6righet och gemenskap \u00a0 Att k\u00e4nna tillh\u00f6righet och gemenskap \u00e4r grundl\u00e4ggande behov hos m\u00e4nniskan. Att umg\u00e5s med familj, v\u00e4nner, bekanta och andra viktiga personer i ens n\u00e4rhet\u00a0g\u00f6r att man m\u00e5r bra, trivs och utvecklas tillsammans med andra. Det \u00e4r bra att ha m\u00e4nniskor omkring sig i ett socialt n\u00e4tverk som kan ge trygghet, st\u00f6d och&hellip;<\/p>\n","protected":false},"author":4,"featured_media":0,"parent":0,"menu_order":0,"comment_status":"closed","ping_status":"closed","template":"","meta":{"footnotes":""},"class_list":["post-7172","page","type-page","status-publish","hentry"],"aioseo_notices":[],"_links":{"self":[{"href":"https:\/\/lpkamrat.se\/wordpress\/wp-json\/wp\/v2\/pages\/7172","targetHints":{"allow":["GET"]}}],"collection":[{"href":"https:\/\/lpkamrat.se\/wordpress\/wp-json\/wp\/v2\/pages"}],"about":[{"href":"https:\/\/lpkamrat.se\/wordpress\/wp-json\/wp\/v2\/types\/page"}],"author":[{"embeddable":true,"href":"https:\/\/lpkamrat.se\/wordpress\/wp-json\/wp\/v2\/users\/4"}],"replies":[{"embeddable":true,"href":"https:\/\/lpkamrat.se\/wordpress\/wp-json\/wp\/v2\/comments?post=7172"}],"version-history":[{"count":0,"href":"https:\/\/lpkamrat.se\/wordpress\/wp-json\/wp\/v2\/pages\/7172\/revisions"}],"wp:attachment":[{"href":"https:\/\/lpkamrat.se\/wordpress\/wp-json\/wp\/v2\/media?parent=7172"}],"curies":[{"name":"wp","href":"https:\/\/api.w.org\/{rel}","templated":true}]}}