{"id":18309,"date":"2026-02-03T15:08:38","date_gmt":"2026-02-03T14:08:38","guid":{"rendered":"https:\/\/lpkamrat.se\/wordpress\/?page_id=18309"},"modified":"2026-02-09T14:05:56","modified_gmt":"2026-02-09T13:05:56","slug":"de-fyra-arstiderna","status":"publish","type":"page","link":"https:\/\/lpkamrat.se\/wordpress\/de-fyra-arstiderna\/","title":{"rendered":"De fyra \u00e5rstiderna"},"content":{"rendered":"\t\t<div data-elementor-type=\"wp-page\" data-elementor-id=\"18309\" class=\"elementor elementor-18309\" data-elementor-post-type=\"page\">\n\t\t\t\t<div class=\"elementor-element elementor-element-dbf802d e-flex e-con-boxed e-con e-parent\" data-id=\"dbf802d\" data-element_type=\"container\" data-e-type=\"container\">\n\t\t\t\t\t<div class=\"e-con-inner\">\n\t\t\t\t<div class=\"elementor-element elementor-element-566ad9a elementor-widget elementor-widget-image\" data-id=\"566ad9a\" data-element_type=\"widget\" data-e-type=\"widget\" data-widget_type=\"image.default\">\n\t\t\t\t<div class=\"elementor-widget-container\">\n\t\t\t\t\t\t\t\t\t\t\t\t\t\t\t<img fetchpriority=\"high\" decoding=\"async\" width=\"1024\" height=\"683\" src=\"https:\/\/lpkamrat.se\/wordpress\/wp-content\/uploads\/2026\/02\/ChatGPT-Image-3-feb.-2026-15_12_54-1024x683.png\" class=\"attachment-large size-large wp-image-18317\" alt=\"\" srcset=\"https:\/\/lpkamrat.se\/wordpress\/wp-content\/uploads\/2026\/02\/ChatGPT-Image-3-feb.-2026-15_12_54-1024x683.png 1024w, https:\/\/lpkamrat.se\/wordpress\/wp-content\/uploads\/2026\/02\/ChatGPT-Image-3-feb.-2026-15_12_54-300x200.png 300w, https:\/\/lpkamrat.se\/wordpress\/wp-content\/uploads\/2026\/02\/ChatGPT-Image-3-feb.-2026-15_12_54-768x512.png 768w, https:\/\/lpkamrat.se\/wordpress\/wp-content\/uploads\/2026\/02\/ChatGPT-Image-3-feb.-2026-15_12_54.png 1536w\" sizes=\"(max-width: 1024px) 100vw, 1024px\" \/>\t\t\t\t\t\t\t\t\t\t\t\t\t\t\t<\/div>\n\t\t\t\t<\/div>\n\t\t\t\t\t<\/div>\n\t\t\t\t<\/div>\n\t\t<div class=\"elementor-element elementor-element-7a4fe9e e-flex e-con-boxed e-con e-parent\" data-id=\"7a4fe9e\" data-element_type=\"container\" data-e-type=\"container\">\n\t\t\t\t\t<div class=\"e-con-inner\">\n\t\t\t\t<div class=\"elementor-element elementor-element-01bb432 elementor-widget__width-initial elementor-widget elementor-widget-text-editor\" data-id=\"01bb432\" data-element_type=\"widget\" data-e-type=\"widget\" data-widget_type=\"text-editor.default\">\n\t\t\t\t<div class=\"elementor-widget-container\">\n\t\t\t\t\t\t\t\t\t<p><span style=\"font-size: large;\"><b>Fyra \u00e5rstider utifr\u00e5n en missbrukande kriminell m\u00e4nniskas liv.<\/b><\/span><\/p><p><span style=\"font-size: large;\">Ny\u00e5rsafton och avslut p\u00e5 det gamla \u00e5ret. B\u00e4sta med den \u00e4r att det \u00e4r OK att dricka och r\u00f6ka p\u00e5 f\u00f6r det ing\u00e5r ju i firandet. S\u00e5 naturligtvis b\u00f6rjar det nya \u00e5ret med en sk\u00e5l, och lite till OCH \u201dlite\u201d till. S\u00e5, ribban \u00e4r satt f\u00f6r hela \u00e5ret.<\/span><\/p><p><span style=\"font-size: large;\">F\u00f6r mig s\u00e5 var det ett liv med en blandning av, \u00e5 ena sidan familjeliv, fru och barn som gick n\u00e5got s\u00e5n\u00e4r bra. Och den andra sidan blev d\u00e5 med mig i fokus och vad jag sj\u00e4lv ville g\u00f6ra.<\/span><\/p><p><span style=\"font-size: large;\">I familjelivet fanns det utrymme f\u00f6r att dra n\u00e5gra \u00f6l och r\u00f6ka marijuana d\u00e5 det var en liberal syn som g\u00e4llde i hemmet. Mitt andra liv var tonvikt p\u00e5 fr\u00e4mst amfetamin och att umg\u00e5s med andra som pundade. <\/span><\/p><p><span style=\"font-size: large;\">Man kan beskriva det utifr\u00e5n ett \u00c5rs-hjul.<\/span><\/p><p><span style=\"font-size: large;\">Vinter fungerade bra med amfetaminet, kallt f\u00f6rvisso men korta ljusa dagar och l\u00e5nga m\u00f6rka kv\u00e4llar och n\u00e4tter. Att man blev ljusskygg i flera meningar passade bra. <\/span><\/p><p><span style=\"font-size: large;\">V\u00e5ren var en tid som ganska snabbt fl\u00f6t f\u00f6rbi. Att dagarna blev l\u00e4ngre och varmare noterades f\u00f6rst\u00e5s men att krokus, tulpaner kom fram och att det b\u00f6rjade spira var kanske inte n\u00e5got man la m\u00e4rke till. Det gick att vara ute vilket innebar att \u201dv\u00e4n\u201d kretsen blev st\u00f6rre och man kunde m\u00f6tas ute.<\/span><\/p><p><span style=\"font-size: large;\">Sommaren blev f\u00f6r min del en tid d\u00e4r amfetaminet fortfarande var en del av intaget men med v\u00e4rmen och att tr\u00e4d och buskar skapade platser d\u00e4r man kunde m\u00f6tas, dricka n\u00e5gra \u00f6l och r\u00f6ka p\u00e5. Dessutom blev det flera m\u00f6ten med m\u00e4nniskor som var socialt fungerande men tyckte att man kunde \u201dunna sig\u201d att vara lite i gr\u00e4nslandet mellan missbruk och bruk.<\/span><\/p><p><span style=\"font-size: large;\">N\u00e4r h\u00f6sten kom s\u00e5 m\u00e4rkte man inte f\u00f6rsta \u00f6verg\u00e5ngen sommar\/h\u00f6st. Utevistelserna blev f\u00e4rre och umg\u00e4nget flyttade inomhus. Kretsen fr\u00e5n sommarens behagliga liv krympte, men varje \u00e5r blev det s\u00e5 att nya bekantskaper, s\u00e4rskilt bland den yngre skaran stannade kvar och p\u00e5 s\u00e5 s\u00e4tt ersatte andra som \u201dfallit ifr\u00e5n\u201d<\/span><\/p><p><span style=\"font-size: large;\">Vinter, m\u00f6rkt och inomhus igen. Umg\u00e4nget styrdes till en del av drogerna och vilka platser som fungerade att vara p\u00e5. Likav\u00e4l av tillg\u00e5ng och hantering av dem d\u00e5 de var en del av finansieringen av mitt liv, b\u00e5de med familjen och mitt solo liv.<\/span><\/p><p><span style=\"font-size: large;\">Men s\u00e5 kom den vintern, slutet av november, d\u00e5 mitt liv blev radikalt f\u00f6r\u00e4ndrat. Insikten om att det inte skulle sluta bra att leva p\u00e5 detta s\u00e4tt som jag gjort fick mig att s\u00f6ka mig in i en gemenskap i en kyrka d\u00e5 jag blev v\u00e4n med en kristen kille som m\u00f6te mig i den situation som jag var i. F\u00f6rstod senare att han s\u00e5g att jag hade tr\u00f6ttnat p\u00e5 min situation.<\/span><\/p><p><span style=\"font-size: large;\">En kv\u00e4ll n\u00e4r vi hade vandrat hem\u00e5t och n\u00e4r vi skulle skiljas vid en gatukorsning sa han \u201d i morgon \u00e4r det b\u00f6n p\u00e5 Oasen\u201d en kontaktverksamhet som kyrkan bedrev \u201dskall vi inte be f\u00f6r dig d\u00e5\u201d underf\u00f6rst\u00e5tt, imorgon kan du besluta dig f\u00f6r att bli en kristen och leva p\u00e5 ett annat s\u00e4tt. Javisst det l\u00e5ter bra tyckte jag. P\u00e5 n\u00e5got s\u00e4tt blev jag klar \u00f6ver att det var viktigt att ta sig dit och inget fick hindra mig. Var det Gud som s\u00e5g till att jag h\u00f6ll l\u00f6ftet att g\u00e5 ditt eller var det att jag lovat Bengt, som han heter? Ett samspel mellan Gud och Bengt var det nog s\u00e5 att han ocks\u00e5 f\u00f6rstod att jag var \u00f6ppen f\u00f6r att ta ett beslut.<\/span><\/p><p><span style=\"font-size: large;\">Sedan blev det en helt annan vinter med ett inre ljus trots \u00e5rstidens m\u00f6rker, f\u00f6rvisso inte l\u00e4tt men n\u00e4r v\u00e5ren kom s\u00e5 fick jag m\u00f6jlighet att b\u00f6rja arbeta mera tydligt p\u00e5 min rehabilitering fr\u00e5n kriminell missbrukare till socialt fungerande person.<\/span><\/p>\t\t\t\t\t\t\t\t<\/div>\n\t\t\t\t<\/div>\n\t\t\t\t\t<\/div>\n\t\t\t\t<\/div>\n\t\t\t\t<\/div>\n\t\t","protected":false},"excerpt":{"rendered":"<p>Fyra \u00e5rstider utifr\u00e5n en missbrukande kriminell m\u00e4nniskas liv. Ny\u00e5rsafton och avslut p\u00e5 det gamla \u00e5ret. B\u00e4sta med den \u00e4r att det \u00e4r OK att dricka och r\u00f6ka p\u00e5 f\u00f6r det ing\u00e5r ju i firandet. S\u00e5 naturligtvis b\u00f6rjar det nya \u00e5ret med en sk\u00e5l, och lite till OCH \u201dlite\u201d till. S\u00e5, ribban \u00e4r satt f\u00f6r hela&hellip;<\/p>\n","protected":false},"author":5,"featured_media":0,"parent":0,"menu_order":0,"comment_status":"closed","ping_status":"closed","template":"","meta":{"footnotes":""},"class_list":["post-18309","page","type-page","status-publish","hentry"],"aioseo_notices":[],"_links":{"self":[{"href":"https:\/\/lpkamrat.se\/wordpress\/wp-json\/wp\/v2\/pages\/18309","targetHints":{"allow":["GET"]}}],"collection":[{"href":"https:\/\/lpkamrat.se\/wordpress\/wp-json\/wp\/v2\/pages"}],"about":[{"href":"https:\/\/lpkamrat.se\/wordpress\/wp-json\/wp\/v2\/types\/page"}],"author":[{"embeddable":true,"href":"https:\/\/lpkamrat.se\/wordpress\/wp-json\/wp\/v2\/users\/5"}],"replies":[{"embeddable":true,"href":"https:\/\/lpkamrat.se\/wordpress\/wp-json\/wp\/v2\/comments?post=18309"}],"version-history":[{"count":0,"href":"https:\/\/lpkamrat.se\/wordpress\/wp-json\/wp\/v2\/pages\/18309\/revisions"}],"wp:attachment":[{"href":"https:\/\/lpkamrat.se\/wordpress\/wp-json\/wp\/v2\/media?parent=18309"}],"curies":[{"name":"wp","href":"https:\/\/api.w.org\/{rel}","templated":true}]}}