{"id":16258,"date":"2025-10-20T17:17:25","date_gmt":"2025-10-20T15:17:25","guid":{"rendered":"https:\/\/lpkamrat.se\/wordpress\/?page_id=16258"},"modified":"2025-10-21T17:05:21","modified_gmt":"2025-10-21T15:05:21","slug":"medlemsbrev-okt-25","status":"publish","type":"page","link":"https:\/\/lpkamrat.se\/wordpress\/medlemsbrev-okt-25\/","title":{"rendered":"Medlemsbrev okt-25"},"content":{"rendered":"\t\t<div data-elementor-type=\"wp-page\" data-elementor-id=\"16258\" class=\"elementor elementor-16258\" data-elementor-post-type=\"page\">\n\t\t\t\t<div class=\"elementor-element elementor-element-2e0a3b5 e-flex e-con-boxed e-con e-parent\" data-id=\"2e0a3b5\" data-element_type=\"container\" data-e-type=\"container\" data-settings=\"{&quot;background_background&quot;:&quot;classic&quot;}\">\n\t\t\t\t\t<div class=\"e-con-inner\">\n\t\t\t\t<div class=\"elementor-element elementor-element-486a083 elementor-widget__width-initial elementor-widget elementor-widget-image\" data-id=\"486a083\" data-element_type=\"widget\" data-e-type=\"widget\" data-widget_type=\"image.default\">\n\t\t\t\t<div class=\"elementor-widget-container\">\n\t\t\t\t\t\t\t\t\t\t\t\t\t\t\t<img fetchpriority=\"high\" decoding=\"async\" width=\"512\" height=\"512\" src=\"https:\/\/lpkamrat.se\/wordpress\/wp-content\/uploads\/2019\/10\/cropped-Logo-LP-vannernas2.gif\" class=\"attachment-medium_large size-medium_large wp-image-11281\" alt=\"\" \/>\t\t\t\t\t\t\t\t\t\t\t\t\t\t\t<\/div>\n\t\t\t\t<\/div>\n\t\t\t\t<div class=\"elementor-element elementor-element-1da461a elementor-widget__width-initial elementor-widget-tablet__width-initial elementor-widget elementor-widget-text-editor\" data-id=\"1da461a\" data-element_type=\"widget\" data-e-type=\"widget\" data-widget_type=\"text-editor.default\">\n\t\t\t\t<div class=\"elementor-widget-container\">\n\t\t\t\t\t\t\t\t\t<p class=\"western\" style=\"margin-bottom: 0cm; line-height: 100%;\"><span style=\"color: #a14d07;\"><span style=\"font-family: Calibri, serif;\"><span style=\"font-size: 20pt;\"><b>\u00a0<\/b><\/span><\/span><\/span><\/p><p class=\"western\" style=\"margin-bottom: 0.35cm;\"><span style=\"font-size: 15pt;\"><i><b>B\u00e4sta LP Kamratv\u00e4nner,<\/b><\/i><\/span><\/p><p class=\"western\" style=\"margin-top: 0.49cm; margin-bottom: 0.49cm; line-height: 100%;\"><span style=\"font-size: 15pt;\"><span style=\"font-family: Times New Roman, serif;\">Hoppas att ni har haft en fin sommar och f\u00e5tt m\u00f6jlighet att njuta av b\u00e5de vila och \u00e5terh\u00e4mtning. Nu st\u00e5r vi mitt i h\u00f6sten, fylld med nya m\u00f6jligheter, aktiviteter och sp\u00e4nnande utmaningar. Tillsammans forts\u00e4tter vi att utveckla LP Kamrat och st\u00e4rka v\u00e5r gemenskap. Vi f\u00e5r st\u00e5 tillsammans i tro, b\u00f6n och handling. <\/span><\/span><\/p><p class=\"western\" style=\"margin-top: 0.49cm; margin-bottom: 0.49cm; line-height: 100%;\"><span style=\"font-size: 15pt;\"><span style=\"font-family: Times New Roman, serif;\">Vi har nu en ny hemsida, www.lpkamrat.se, d\u00e4r det l\u00f6pande kommer information om verksamhet och aktiviteter. Titta in d\u00e4r och sprid g\u00e4rna information om hemsidan till andra. Tillsammans ska vi bli \u00e4nnu b\u00e4ttre p\u00e5 att informera och n\u00e5 ut till fler med information om vad som \u00e4r p\u00e5 g\u00e5ng och hur man f\u00e5r kontakt med LP Kamrat. <\/span><\/span><\/p><p class=\"western\" style=\"margin-top: 0.49cm; margin-bottom: 0.49cm; line-height: 100%;\"><span style=\"font-size: 15pt;\"><span style=\"font-family: Times New Roman, serif;\">Jag vill passa p\u00e5 att informera om n\u00e5gra datum som \u00e4r inplanerade. Mer information kommer p\u00e5 v\u00e5r hemsida och p\u00e5 SMS och Facebook.<\/span><\/span><\/p><p class=\"western\" style=\"margin-top: 0.49cm; margin-bottom: 0.49cm; line-height: 100%;\"><span style=\"font-size: 15pt;\"><span style=\"font-family: Times New Roman, serif;\">Just nu h\u00e5ller vi p\u00e5 att hitta v\u00e4gar f\u00f6r att kunna informera om vad som h\u00e4nder och planeras lokalt\/regionalt, bland annat s\u00e5 finns det en kalender p\u00e5 v\u00e5r hemsida att bes\u00f6ka. Kanske du har n\u00e5got som vi skulle kunna informera om till flera i landet. <\/span><\/span><\/p><ul><li><p style=\"margin-top: 0.49cm; margin-bottom: 0cm; line-height: 100%;\"><span style=\"font-family: Times New Roman, serif;\"><span style=\"font-size: 15pt;\">H\u00f6stfest i Salemkyrkan i Sigtuna, Allhelgonadagen 1 november, kl. 16.00.<br \/>Anm\u00e4lan till <\/span><\/span><span style=\"color: #0000ff;\"><a href=\"mailto:info@lpkamrat.se\"><span style=\"color: #000000;\"><span style=\"font-family: Times New Roman, serif;\"><span style=\"font-size: 15pt;\">info@lpkamrat.se <\/span><\/span><\/span><\/a><\/span><span style=\"font-family: Times New Roman, serif;\"><span style=\"font-size: 15pt;\">eller till telefon 073 &#8211; 927 60 75.<\/span><\/span><\/p><\/li><li><p style=\"margin-bottom: 0.49cm; line-height: 100%;\"><span style=\"font-size: 15pt;\"><span style=\"font-family: Times New Roman, serif;\">Julfest i Odensala bygdeg\u00e5rd, M\u00e4rsta (d\u00e4r vi var f\u00f6rra \u00e5ret) den 6<br \/>december kl. 16.00.<\/span><\/span><\/p><\/li><\/ul><p class=\"western\" style=\"margin-top: 0.49cm; margin-bottom: 0.49cm; line-height: 100%;\"><span style=\"font-size: 15pt;\"><span style=\"font-family: Times New Roman, serif;\">Hoppas vi ses n\u00e5gonstans under h\u00f6sten. <\/span><\/span><\/p><p class=\"western\" style=\"margin-top: 0.49cm; margin-bottom: 0.49cm; line-height: 100%;\"><span style=\"font-size: 15pt;\"><span style=\"font-family: Times New Roman, serif;\">Med \u00f6nskan om Guds v\u00e4lsignelse,<\/span><\/span><\/p><p class=\"western\" style=\"margin-top: 0.49cm; margin-bottom: 0.49cm; line-height: 100%;\"><em><strong><span style=\"font-size: 15pt;\"><span style=\"font-family: Times New Roman, serif;\">Kerstin Eriksson<\/span><\/span><\/strong><\/em><\/p><p class=\"western\" style=\"margin-top: 0.49cm; margin-bottom: 0.49cm; line-height: 100%;\">\u00a0<\/p>\t\t\t\t\t\t\t\t<\/div>\n\t\t\t\t<\/div>\n\t\t\t\t\t<\/div>\n\t\t\t\t<\/div>\n\t\t<div class=\"elementor-element elementor-element-023c6b9 e-flex e-con-boxed e-con e-parent\" data-id=\"023c6b9\" data-element_type=\"container\" data-e-type=\"container\">\n\t\t\t\t\t<div class=\"e-con-inner\">\n\t\t\t\t<div class=\"elementor-element elementor-element-d0f49d8 elementor-widget elementor-widget-image\" data-id=\"d0f49d8\" data-element_type=\"widget\" data-e-type=\"widget\" data-widget_type=\"image.default\">\n\t\t\t\t<div class=\"elementor-widget-container\">\n\t\t\t\t\t\t\t\t\t\t\t\t\t\t\t<img decoding=\"async\" width=\"300\" height=\"230\" src=\"https:\/\/lpkamrat.se\/wordpress\/wp-content\/uploads\/2025\/03\/leaves-300x230.jpg\" class=\"attachment-medium size-medium wp-image-7794\" alt=\"\" srcset=\"https:\/\/lpkamrat.se\/wordpress\/wp-content\/uploads\/2025\/03\/leaves-300x230.jpg 300w, https:\/\/lpkamrat.se\/wordpress\/wp-content\/uploads\/2025\/03\/leaves.jpg 470w\" sizes=\"(max-width: 300px) 100vw, 300px\" \/>\t\t\t\t\t\t\t\t\t\t\t\t\t\t\t<\/div>\n\t\t\t\t<\/div>\n\t\t\t\t\t<\/div>\n\t\t\t\t<\/div>\n\t\t\t\t<\/div>\n\t\t","protected":false},"excerpt":{"rendered":"<p>\u00a0 B\u00e4sta LP Kamratv\u00e4nner, Hoppas att ni har haft en fin sommar och f\u00e5tt m\u00f6jlighet att njuta av b\u00e5de vila och \u00e5terh\u00e4mtning. Nu st\u00e5r vi mitt i h\u00f6sten, fylld med nya m\u00f6jligheter, aktiviteter och sp\u00e4nnande utmaningar. Tillsammans forts\u00e4tter vi att utveckla LP Kamrat och st\u00e4rka v\u00e5r gemenskap. Vi f\u00e5r st\u00e5 tillsammans i tro, b\u00f6n och&hellip;<\/p>\n","protected":false},"author":5,"featured_media":0,"parent":0,"menu_order":0,"comment_status":"closed","ping_status":"closed","template":"","meta":{"footnotes":""},"class_list":["post-16258","page","type-page","status-publish","hentry"],"aioseo_notices":[],"_links":{"self":[{"href":"https:\/\/lpkamrat.se\/wordpress\/wp-json\/wp\/v2\/pages\/16258","targetHints":{"allow":["GET"]}}],"collection":[{"href":"https:\/\/lpkamrat.se\/wordpress\/wp-json\/wp\/v2\/pages"}],"about":[{"href":"https:\/\/lpkamrat.se\/wordpress\/wp-json\/wp\/v2\/types\/page"}],"author":[{"embeddable":true,"href":"https:\/\/lpkamrat.se\/wordpress\/wp-json\/wp\/v2\/users\/5"}],"replies":[{"embeddable":true,"href":"https:\/\/lpkamrat.se\/wordpress\/wp-json\/wp\/v2\/comments?post=16258"}],"version-history":[{"count":0,"href":"https:\/\/lpkamrat.se\/wordpress\/wp-json\/wp\/v2\/pages\/16258\/revisions"}],"wp:attachment":[{"href":"https:\/\/lpkamrat.se\/wordpress\/wp-json\/wp\/v2\/media?parent=16258"}],"curies":[{"name":"wp","href":"https:\/\/api.w.org\/{rel}","templated":true}]}}

<div data-elementor-type="wp-page" data-elementor-id="16258" class="elementor elementor-16258" data-elementor-post-type="page">
				<div class="elementor-element elementor-element-2e0a3b5 e-flex e-con-boxed e-con e-parent" data-id="2e0a3b5" data-element_type="container" data-e-type="container" data-settings="{&quot;background_background&quot;:&quot;classic&quot;}">
					<div class="e-con-inner">
				<div class="elementor-element elementor-element-486a083 elementor-widget__width-initial elementor-widget elementor-widget-image" data-id="486a083" data-element_type="widget" data-e-type="widget" data-widget_type="image.default">
				<div class="elementor-widget-container">
															<img fetchpriority="high" decoding="async" width="512" height="512" src="https://lpkamrat.se/wordpress/wp-content/uploads/2019/10/cropped-Logo-LP-vannernas2.gif" class="attachment-medium_large size-medium_large wp-image-11281" alt="" />															</div>
				</div>
				<div class="elementor-element elementor-element-1da461a elementor-widget__width-initial elementor-widget-tablet__width-initial elementor-widget elementor-widget-text-editor" data-id="1da461a" data-element_type="widget" data-e-type="widget" data-widget_type="text-editor.default">
				<div class="elementor-widget-container">
									<p class="western" style="margin-bottom: 0cm; line-height: 100%;"><span style="color: #a14d07;"><span style="font-family: Calibri, serif;"><span style="font-size: 20pt;"><b> </b></span></span></span></p><p class="western" style="margin-bottom: 0.35cm;"><span style="font-size: 15pt;"><i><b>Bästa LP Kamratvänner,</b></i></span></p><p class="western" style="margin-top: 0.49cm; margin-bottom: 0.49cm; line-height: 100%;"><span style="font-size: 15pt;"><span style="font-family: Times New Roman, serif;">Hoppas att ni har haft en fin sommar och fått möjlighet att njuta av både vila och återhämtning. Nu står vi mitt i hösten, fylld med nya möjligheter, aktiviteter och spännande utmaningar. Tillsammans fortsätter vi att utveckla LP Kamrat och stärka vår gemenskap. Vi får stå tillsammans i tro, bön och handling. </span></span></p><p class="western" style="margin-top: 0.49cm; margin-bottom: 0.49cm; line-height: 100%;"><span style="font-size: 15pt;"><span style="font-family: Times New Roman, serif;">Vi har nu en ny hemsida, www.lpkamrat.se, där det löpande kommer information om verksamhet och aktiviteter. Titta in där och sprid gärna information om hemsidan till andra. Tillsammans ska vi bli ännu bättre på att informera och nå ut till fler med information om vad som är på gång och hur man får kontakt med LP Kamrat. </span></span></p><p class="western" style="margin-top: 0.49cm; margin-bottom: 0.49cm; line-height: 100%;"><span style="font-size: 15pt;"><span style="font-family: Times New Roman, serif;">Jag vill passa på att informera om några datum som är inplanerade. Mer information kommer på vår hemsida och på SMS och Facebook.</span></span></p><p class="western" style="margin-top: 0.49cm; margin-bottom: 0.49cm; line-height: 100%;"><span style="font-size: 15pt;"><span style="font-family: Times New Roman, serif;">Just nu håller vi på att hitta vägar för att kunna informera om vad som händer och planeras lokalt/regionalt, bland annat så finns det en kalender på vår hemsida att besöka. Kanske du har något som vi skulle kunna informera om till flera i landet. </span></span></p><ul><li><p style="margin-top: 0.49cm; margin-bottom: 0cm; line-height: 100%;"><span style="font-family: Times New Roman, serif;"><span style="font-size: 15pt;">Höstfest i Salemkyrkan i Sigtuna, Allhelgonadagen 1 november, kl. 16.00.<br />Anmälan till </span></span><span style="color: #0000ff;"><a href="mailto:info@lpkamrat.se"><span style="color: #000000;"><span style="font-family: Times New Roman, serif;"><span style="font-size: 15pt;">info@lpkamrat.se </span></span></span></a></span><span style="font-family: Times New Roman, serif;"><span style="font-size: 15pt;">eller till telefon 073 &#8211; 927 60 75.</span></span></p></li><li><p style="margin-bottom: 0.49cm; line-height: 100%;"><span style="font-size: 15pt;"><span style="font-family: Times New Roman, serif;">Julfest i Odensala bygdegård, Märsta (där vi var förra året) den 6<br />december kl. 16.00.</span></span></p></li></ul><p class="western" style="margin-top: 0.49cm; margin-bottom: 0.49cm; line-height: 100%;"><span style="font-size: 15pt;"><span style="font-family: Times New Roman, serif;">Hoppas vi ses någonstans under hösten. </span></span></p><p class="western" style="margin-top: 0.49cm; margin-bottom: 0.49cm; line-height: 100%;"><span style="font-size: 15pt;"><span style="font-family: Times New Roman, serif;">Med önskan om Guds välsignelse,</span></span></p><p class="western" style="margin-top: 0.49cm; margin-bottom: 0.49cm; line-height: 100%;"><em><strong><span style="font-size: 15pt;"><span style="font-family: Times New Roman, serif;">Kerstin Eriksson</span></span></strong></em></p><p class="western" style="margin-top: 0.49cm; margin-bottom: 0.49cm; line-height: 100%;"> </p>								</div>
				</div>
					</div>
				</div>
		<div class="elementor-element elementor-element-023c6b9 e-flex e-con-boxed e-con e-parent" data-id="023c6b9" data-element_type="container" data-e-type="container">
					<div class="e-con-inner">
				<div class="elementor-element elementor-element-d0f49d8 elementor-widget elementor-widget-image" data-id="d0f49d8" data-element_type="widget" data-e-type="widget" data-widget_type="image.default">
				<div class="elementor-widget-container">
															<img decoding="async" width="300" height="230" src="https://lpkamrat.se/wordpress/wp-content/uploads/2025/03/leaves-300x230.jpg" class="attachment-medium size-medium wp-image-7794" alt="" srcset="https://lpkamrat.se/wordpress/wp-content/uploads/2025/03/leaves-300x230.jpg 300w, https://lpkamrat.se/wordpress/wp-content/uploads/2025/03/leaves.jpg 470w" sizes="(max-width: 300px) 100vw, 300px" />															</div>
				</div>
					</div>
				</div>
				</div>

<p>  Bästa LP Kamratvänner, Hoppas att ni har haft en fin sommar och fått möjlighet att njuta av både vila och återhämtning. Nu står vi mitt i hösten, fylld med nya möjligheter, aktiviteter och spännande utmaningar. Tillsammans fortsätter vi att utveckla LP Kamrat och stärka vår gemenskap. Vi får stå tillsammans i tro, bön och&hellip;</p>
